{"id":507,"date":"2026-02-04T04:19:36","date_gmt":"2026-02-04T04:19:36","guid":{"rendered":"https:\/\/lbl.bahibaha.cloud\/?page_id=507"},"modified":"2026-02-05T13:46:58","modified_gmt":"2026-02-05T13:46:58","slug":"san-pham-khuyen-mai","status":"publish","type":"page","link":"https:\/\/lbl.bahibaha.cloud\/?page_id=507","title":{"rendered":"S\u1ea3n ph\u1ea9m khuy\u1ebfn m\u00e3i"},"content":{"rendered":"\t\t<div data-elementor-type=\"wp-page\" data-elementor-id=\"507\" class=\"elementor elementor-507\">\n\t\t\t\t<div class=\"elementor-element elementor-element-aa26a88 e-con-full e-flex e-con e-parent\" data-id=\"aa26a88\" data-element_type=\"container\">\n\t\t\t\t<div class=\"elementor-element elementor-element-8af87e7 elementor-widget elementor-widget-shortcode\" data-id=\"8af87e7\" data-element_type=\"widget\" data-widget_type=\"shortcode.default\">\n\t\t\t\t\t\t\t<div class=\"elementor-shortcode\"><div class=\"woocommerce columns-4 \"><ul class=\"products columns-4\">\n<li class=\"product type-product post-240 status-publish first instock product_cat-uncategorized has-post-thumbnail sale taxable shipping-taxable purchasable product-type-simple\">\n\t<a href=\"https:\/\/lbl.bahibaha.cloud\/?product=https-lbl-bahibaha-cloud-2\" class=\"woocommerce-LoopProduct-link woocommerce-loop-product__link\">\n\t<span class=\"onsale\">Gi\u1ea3m gi\u00e1!<\/span>\n\t<img fetchpriority=\"high\" decoding=\"async\" width=\"300\" height=\"300\" src=\"https:\/\/lbl.bahibaha.cloud\/wp-content\/uploads\/2026\/01\/nxbtre_full_22142021_051437-300x300.jpg\" class=\"attachment-woocommerce_thumbnail size-woocommerce_thumbnail\" alt=\"Cho T\u00f4i Xin M\u1ed9t V\u00e9 \u0110i Tu\u1ed5i Th\u01a1 - Phi\u00ean B\u1ea3n \u0110\u1eb7c Bi\u1ec7t\" srcset=\"https:\/\/lbl.bahibaha.cloud\/wp-content\/uploads\/2026\/01\/nxbtre_full_22142021_051437-300x300.jpg 300w, https:\/\/lbl.bahibaha.cloud\/wp-content\/uploads\/2026\/01\/nxbtre_full_22142021_051437-150x150.jpg 150w, https:\/\/lbl.bahibaha.cloud\/wp-content\/uploads\/2026\/01\/nxbtre_full_22142021_051437-100x100.jpg 100w\" sizes=\"(max-width: 300px) 100vw, 300px\" \/><div id=\"ez-toc-container\" class=\"ez-toc-v2_0_80 counter-hierarchy ez-toc-counter ez-toc-grey ez-toc-container-direction\">\n<div class=\"ez-toc-title-container\">\n<p class=\"ez-toc-title\" style=\"cursor:inherit\">Table of Contents<\/p>\n<span class=\"ez-toc-title-toggle\"><a href=\"#\" class=\"ez-toc-pull-right ez-toc-btn ez-toc-btn-xs ez-toc-btn-default ez-toc-toggle\" aria-label=\"Toggle Table of Content\"><span class=\"ez-toc-js-icon-con\"><span class=\"\"><span class=\"eztoc-hide\" style=\"display:none;\">Toggle<\/span><span class=\"ez-toc-icon-toggle-span\"><svg style=\"fill: #999;color:#999\" xmlns=\"http:\/\/www.w3.org\/2000\/svg\" class=\"list-377408\" width=\"20px\" height=\"20px\" viewBox=\"0 0 24 24\" fill=\"none\"><path d=\"M6 6H4v2h2V6zm14 0H8v2h12V6zM4 11h2v2H4v-2zm16 0H8v2h12v-2zM4 16h2v2H4v-2zm16 0H8v2h12v-2z\" fill=\"currentColor\"><\/path><\/svg><svg style=\"fill: #999;color:#999\" class=\"arrow-unsorted-368013\" xmlns=\"http:\/\/www.w3.org\/2000\/svg\" width=\"10px\" height=\"10px\" viewBox=\"0 0 24 24\" version=\"1.2\" baseProfile=\"tiny\"><path d=\"M18.2 9.3l-6.2-6.3-6.2 6.3c-.2.2-.3.4-.3.7s.1.5.3.7c.2.2.4.3.7.3h11c.3 0 .5-.1.7-.3.2-.2.3-.5.3-.7s-.1-.5-.3-.7zM5.8 14.7l6.2 6.3 6.2-6.3c.2-.2.3-.5.3-.7s-.1-.5-.3-.7c-.2-.2-.4-.3-.7-.3h-11c-.3 0-.5.1-.7.3-.2.2-.3.5-.3.7s.1.5.3.7z\"\/><\/svg><\/span><\/span><\/span><\/a><\/span><\/div>\n<nav><ul class='ez-toc-list ez-toc-list-level-1 ' ><li class='ez-toc-page-1 ez-toc-heading-level-2'><a class=\"ez-toc-link ez-toc-heading-1\" href=\"https:\/\/lbl.bahibaha.cloud\/?page_id=507\/#Cho_Toi_Xin_Mot_Ve_Di_Tuoi_Tho_%E2%80%93_Phien_Ban_Dac_Biet\" >Cho T\u00f4i Xin M\u1ed9t V\u00e9 \u0110i Tu\u1ed5i Th\u01a1 &#8211; Phi\u00ean B\u1ea3n \u0110\u1eb7c Bi\u1ec7t<\/a><\/li><li class='ez-toc-page-1 ez-toc-heading-level-2'><a class=\"ez-toc-link ez-toc-heading-2\" href=\"https:\/\/lbl.bahibaha.cloud\/?page_id=507\/#Combo_Sach_Ghi_Chep_Phap_Y_Bo_3_Cuon\" >Combo S\u00e1ch Ghi Ch\u00e9p Ph\u00e1p Y (B\u1ed9 3 Cu\u1ed1n)<\/a><\/li><li class='ez-toc-page-1 ez-toc-heading-level-2'><a class=\"ez-toc-link ez-toc-heading-3\" href=\"https:\/\/lbl.bahibaha.cloud\/?page_id=507\/#Sach_Bao_Cao_Phap_Y_Sue_Black_%E2%80%93_Nhung_Cai_Chet_Bi_An\" >S\u00e1ch B\u00e1o C\u00e1o Ph\u00e1p Y Sue Black \u2013 Nh\u1eefng C\u00e1i Ch\u1ebft B\u00ed \u1ea8n<\/a><\/li><li class='ez-toc-page-1 ez-toc-heading-level-2'><a class=\"ez-toc-link ez-toc-heading-4\" href=\"https:\/\/lbl.bahibaha.cloud\/?page_id=507\/#Tu_Thi_Ke_Chuyen\" >T\u1eed Thi K\u1ec3 Chuy\u1ec7n<\/a><\/li><li class='ez-toc-page-1 ez-toc-heading-level-2'><a class=\"ez-toc-link ez-toc-heading-5\" href=\"https:\/\/lbl.bahibaha.cloud\/?page_id=507\/#Kinh_Van_Hoa_%E2%80%93_Tap_15_Khach_San_Hoa_Hong_Tai_Ban_2022\" >K\u00ednh V\u1ea1n Hoa &#8211; T\u1eadp 15: Kh\u00e1ch S\u1ea1n Hoa H\u1ed3ng (T\u00e1i B\u1ea3n 2022)<\/a><\/li><\/ul><\/nav><\/div>\n<h2 class=\"woocommerce-loop-product__title\"><span class=\"ez-toc-section\" id=\"Cho_Toi_Xin_Mot_Ve_Di_Tuoi_Tho_%E2%80%93_Phien_Ban_Dac_Biet\"><\/span>Cho T\u00f4i Xin M\u1ed9t V\u00e9 \u0110i Tu\u1ed5i Th\u01a1 &#8211; Phi\u00ean B\u1ea3n \u0110\u1eb7c Bi\u1ec7t<span class=\"ez-toc-section-end\"><\/span><\/h2>\n\t<span class=\"price\"><del aria-hidden=\"true\"><span class=\"woocommerce-Price-amount amount\"><bdi>395&nbsp;<span class=\"woocommerce-Price-currencySymbol\">&#8363;<\/span><\/bdi><\/span><\/del> <span class=\"screen-reader-text\">Gi\u00e1 g\u1ed1c l\u00e0: 395&nbsp;&#8363;.<\/span><ins aria-hidden=\"true\"><span class=\"woocommerce-Price-amount amount\"><bdi>380&nbsp;<span class=\"woocommerce-Price-currencySymbol\">&#8363;<\/span><\/bdi><\/span><\/ins><span class=\"screen-reader-text\">Gi\u00e1 hi\u1ec7n t\u1ea1i l\u00e0: 380&nbsp;&#8363;.<\/span><\/span>\n<\/a><\/li>\n<li class=\"product type-product post-185 status-publish instock product_cat-sach-trinh-tham has-post-thumbnail sale shipping-taxable purchasable product-type-simple\">\n\t<a href=\"https:\/\/lbl.bahibaha.cloud\/?product=combo-sach-ghi-chep-phap-y-bo-3-cuon\" class=\"woocommerce-LoopProduct-link woocommerce-loop-product__link\">\n\t<span class=\"onsale\">Gi\u1ea3m gi\u00e1!<\/span>\n\t<img decoding=\"async\" width=\"225\" height=\"225\" src=\"https:\/\/lbl.bahibaha.cloud\/wp-content\/uploads\/2026\/01\/images-3.jpg\" class=\"attachment-woocommerce_thumbnail size-woocommerce_thumbnail\" alt=\"Combo S\u00e1ch Ghi Ch\u00e9p Ph\u00e1p Y (B\u1ed9 3 Cu\u1ed1n)\" srcset=\"https:\/\/lbl.bahibaha.cloud\/wp-content\/uploads\/2026\/01\/images-3.jpg 225w, https:\/\/lbl.bahibaha.cloud\/wp-content\/uploads\/2026\/01\/images-3-150x150.jpg 150w, https:\/\/lbl.bahibaha.cloud\/wp-content\/uploads\/2026\/01\/images-3-100x100.jpg 100w\" sizes=\"(max-width: 225px) 100vw, 225px\" \/><h2 class=\"woocommerce-loop-product__title\"><span class=\"ez-toc-section\" id=\"Combo_Sach_Ghi_Chep_Phap_Y_Bo_3_Cuon\"><\/span>Combo S\u00e1ch Ghi Ch\u00e9p Ph\u00e1p Y (B\u1ed9 3 Cu\u1ed1n)<span class=\"ez-toc-section-end\"><\/span><\/h2>\n\t<span class=\"price\"><del aria-hidden=\"true\"><span class=\"woocommerce-Price-amount amount\"><bdi>405&nbsp;<span class=\"woocommerce-Price-currencySymbol\">&#8363;<\/span><\/bdi><\/span><\/del> <span class=\"screen-reader-text\">Gi\u00e1 g\u1ed1c l\u00e0: 405&nbsp;&#8363;.<\/span><ins aria-hidden=\"true\"><span class=\"woocommerce-Price-amount amount\"><bdi>305&nbsp;<span class=\"woocommerce-Price-currencySymbol\">&#8363;<\/span><\/bdi><\/span><\/ins><span class=\"screen-reader-text\">Gi\u00e1 hi\u1ec7n t\u1ea1i l\u00e0: 305&nbsp;&#8363;.<\/span><\/span>\n<\/a><\/li>\n<li class=\"product type-product post-181 status-publish instock product_cat-sach-trinh-tham has-post-thumbnail sale taxable shipping-taxable product-type-external\">\n\t<a href=\"https:\/\/lbl.bahibaha.cloud\/?product=https-www-fahasa-com-all-that-remains-a-life-in-death-bao-cao-phap-y-tai-tao-cuoc-song-thong-qua-cai-chet-htmlfhs_campaignsearch\" class=\"woocommerce-LoopProduct-link woocommerce-loop-product__link\">\n\t<span class=\"onsale\">Gi\u1ea3m gi\u00e1!<\/span>\n\t<img decoding=\"async\" width=\"300\" height=\"300\" src=\"https:\/\/lbl.bahibaha.cloud\/wp-content\/uploads\/2026\/01\/bao-cao-phap-y-01-300x300.webp\" class=\"attachment-woocommerce_thumbnail size-woocommerce_thumbnail\" alt=\"S\u00e1ch B\u00e1o C\u00e1o Ph\u00e1p Y Sue Black \u2013 Nh\u1eefng C\u00e1i Ch\u1ebft B\u00ed \u1ea8n\" srcset=\"https:\/\/lbl.bahibaha.cloud\/wp-content\/uploads\/2026\/01\/bao-cao-phap-y-01-300x300.webp 300w, https:\/\/lbl.bahibaha.cloud\/wp-content\/uploads\/2026\/01\/bao-cao-phap-y-01-150x150.webp 150w, https:\/\/lbl.bahibaha.cloud\/wp-content\/uploads\/2026\/01\/bao-cao-phap-y-01-100x100.webp 100w\" sizes=\"(max-width: 300px) 100vw, 300px\" \/><h2 class=\"woocommerce-loop-product__title\"><span class=\"ez-toc-section\" id=\"Sach_Bao_Cao_Phap_Y_Sue_Black_%E2%80%93_Nhung_Cai_Chet_Bi_An\"><\/span>S\u00e1ch B\u00e1o C\u00e1o Ph\u00e1p Y Sue Black \u2013 Nh\u1eefng C\u00e1i Ch\u1ebft B\u00ed \u1ea8n<span class=\"ez-toc-section-end\"><\/span><\/h2>\n\t<span class=\"price\"><del aria-hidden=\"true\"><span class=\"woocommerce-Price-amount amount\"><bdi>281&nbsp;<span class=\"woocommerce-Price-currencySymbol\">&#8363;<\/span><\/bdi><\/span><\/del> <span class=\"screen-reader-text\">Gi\u00e1 g\u1ed1c l\u00e0: 281&nbsp;&#8363;.<\/span><ins aria-hidden=\"true\"><span class=\"woocommerce-Price-amount amount\"><bdi>200&nbsp;<span class=\"woocommerce-Price-currencySymbol\">&#8363;<\/span><\/bdi><\/span><\/ins><span class=\"screen-reader-text\">Gi\u00e1 hi\u1ec7n t\u1ea1i l\u00e0: 200&nbsp;&#8363;.<\/span><\/span>\n<\/a><\/li>\n<li class=\"product type-product post-183 status-publish last instock product_cat-sach-trinh-tham has-post-thumbnail sale taxable shipping-taxable purchasable product-type-simple\">\n\t<a href=\"https:\/\/lbl.bahibaha.cloud\/?product=https-www-fahasa-com-tu-thi-ke-chuyen-htmlfhs_campaignsearch\" class=\"woocommerce-LoopProduct-link woocommerce-loop-product__link\">\n\t<span class=\"onsale\">Gi\u1ea3m gi\u00e1!<\/span>\n\t<img loading=\"lazy\" decoding=\"async\" width=\"184\" height=\"274\" src=\"https:\/\/lbl.bahibaha.cloud\/wp-content\/uploads\/2026\/01\/images-4.jpg\" class=\"attachment-woocommerce_thumbnail size-woocommerce_thumbnail\" alt=\"T\u1eed Thi K\u1ec3 Chuy\u1ec7n\" \/><h2 class=\"woocommerce-loop-product__title\"><span class=\"ez-toc-section\" id=\"Tu_Thi_Ke_Chuyen\"><\/span>T\u1eed Thi K\u1ec3 Chuy\u1ec7n<span class=\"ez-toc-section-end\"><\/span><\/h2>\n\t<span class=\"price\"><del aria-hidden=\"true\"><span class=\"woocommerce-Price-amount amount\"><bdi>126&nbsp;<span class=\"woocommerce-Price-currencySymbol\">&#8363;<\/span><\/bdi><\/span><\/del> <span class=\"screen-reader-text\">Gi\u00e1 g\u1ed1c l\u00e0: 126&nbsp;&#8363;.<\/span><ins aria-hidden=\"true\"><span class=\"woocommerce-Price-amount amount\"><bdi>115&nbsp;<span class=\"woocommerce-Price-currencySymbol\">&#8363;<\/span><\/bdi><\/span><\/ins><span class=\"screen-reader-text\">Gi\u00e1 hi\u1ec7n t\u1ea1i l\u00e0: 115&nbsp;&#8363;.<\/span><\/span>\n<\/a><\/li>\n<li class=\"product type-product post-244 status-publish first instock product_cat-uncategorized has-post-thumbnail sale taxable shipping-taxable purchasable product-type-simple\">\n\t<a href=\"https:\/\/lbl.bahibaha.cloud\/?product=https-lbl-bahibaha-cloud\" class=\"woocommerce-LoopProduct-link woocommerce-loop-product__link\">\n\t<span class=\"onsale\">Gi\u1ea3m gi\u00e1!<\/span>\n\t<img loading=\"lazy\" decoding=\"async\" width=\"300\" height=\"300\" src=\"https:\/\/lbl.bahibaha.cloud\/wp-content\/uploads\/2026\/01\/8935244864250-300x300.webp\" class=\"attachment-woocommerce_thumbnail size-woocommerce_thumbnail\" alt=\"K\u00ednh v\u1ea1n hoa\" srcset=\"https:\/\/lbl.bahibaha.cloud\/wp-content\/uploads\/2026\/01\/8935244864250-300x300.webp 300w, https:\/\/lbl.bahibaha.cloud\/wp-content\/uploads\/2026\/01\/8935244864250-150x150.webp 150w, https:\/\/lbl.bahibaha.cloud\/wp-content\/uploads\/2026\/01\/8935244864250-100x100.webp 100w, https:\/\/lbl.bahibaha.cloud\/wp-content\/uploads\/2026\/01\/8935244864250.webp 600w\" sizes=\"(max-width: 300px) 100vw, 300px\" \/><h2 class=\"woocommerce-loop-product__title\"><span class=\"ez-toc-section\" id=\"Kinh_Van_Hoa_%E2%80%93_Tap_15_Khach_San_Hoa_Hong_Tai_Ban_2022\"><\/span>K\u00ednh V\u1ea1n Hoa &#8211; T\u1eadp 15: Kh\u00e1ch S\u1ea1n Hoa H\u1ed3ng (T\u00e1i B\u1ea3n 2022)<span class=\"ez-toc-section-end\"><\/span><\/h2>\n\t<span class=\"price\"><del aria-hidden=\"true\"><span class=\"woocommerce-Price-amount amount\"><bdi>86&nbsp;<span class=\"woocommerce-Price-currencySymbol\">&#8363;<\/span><\/bdi><\/span><\/del> <span class=\"screen-reader-text\">Gi\u00e1 g\u1ed1c l\u00e0: 86&nbsp;&#8363;.<\/span><ins aria-hidden=\"true\"><span class=\"woocommerce-Price-amount amount\"><bdi>79&nbsp;<span class=\"woocommerce-Price-currencySymbol\">&#8363;<\/span><\/bdi><\/span><\/ins><span class=\"screen-reader-text\">Gi\u00e1 hi\u1ec7n t\u1ea1i l\u00e0: 79&nbsp;&#8363;.<\/span><\/span>\n<\/a><\/li>\n<\/ul>\n<\/div>\r\n<\/div>\n\t\t\t\t\t\t<\/div>\n\t\t\t\t<\/div>\n\t\t\t\t<\/div>\n\t\t","protected":false},"excerpt":{"rendered":"","protected":false},"author":1,"featured_media":0,"parent":0,"menu_order":0,"comment_status":"closed","ping_status":"closed","template":"","meta":{"footnotes":""},"class_list":["post-507","page","type-page","status-publish","hentry"],"yoast_head":"<!-- This site is optimized with the Yoast SEO plugin v26.8 - https:\/\/yoast.com\/product\/yoast-seo-wordpress\/ -->\n<title>S\u1ea3n ph\u1ea9m khuy\u1ebfn m\u00e3i - Little Bird Library.<\/title>\n<meta name=\"robots\" content=\"noindex, follow, max-snippet:-1, max-image-preview:large, max-video-preview:-1\" \/>\n<meta property=\"og:locale\" content=\"vi_VN\" \/>\n<meta property=\"og:type\" content=\"article\" \/>\n<meta property=\"og:title\" content=\"S\u1ea3n ph\u1ea9m khuy\u1ebfn m\u00e3i - Little Bird Library.\" \/>\n<meta property=\"og:url\" content=\"https:\/\/lbl.bahibaha.cloud\/?page_id=507\" \/>\n<meta property=\"og:site_name\" content=\"Little Bird Library.\" \/>\n<meta property=\"article:modified_time\" content=\"2026-02-05T13:46:58+00:00\" \/>\n<meta name=\"twitter:card\" content=\"summary_large_image\" \/>\n<meta name=\"twitter:label1\" content=\"\u01af\u1edbc t\u00ednh th\u1eddi gian \u0111\u1ecdc\" \/>\n\t<meta name=\"twitter:data1\" content=\"2 ph\u00fat\" \/>\n<script type=\"application\/ld+json\" class=\"yoast-schema-graph\">{\"@context\":\"https:\/\/schema.org\",\"@graph\":[{\"@type\":\"WebPage\",\"@id\":\"https:\/\/lbl.bahibaha.cloud\/?page_id=507\",\"url\":\"https:\/\/lbl.bahibaha.cloud\/?page_id=507\",\"name\":\"S\u1ea3n ph\u1ea9m khuy\u1ebfn m\u00e3i - Little Bird Library.\",\"isPartOf\":{\"@id\":\"https:\/\/lbl.bahibaha.cloud\/#website\"},\"datePublished\":\"2026-02-04T04:19:36+00:00\",\"dateModified\":\"2026-02-05T13:46:58+00:00\",\"breadcrumb\":{\"@id\":\"https:\/\/lbl.bahibaha.cloud\/?page_id=507#breadcrumb\"},\"inLanguage\":\"vi\",\"potentialAction\":[{\"@type\":\"ReadAction\",\"target\":[\"https:\/\/lbl.bahibaha.cloud\/?page_id=507\"]}]},{\"@type\":\"BreadcrumbList\",\"@id\":\"https:\/\/lbl.bahibaha.cloud\/?page_id=507#breadcrumb\",\"itemListElement\":[{\"@type\":\"ListItem\",\"position\":1,\"name\":\"Home\",\"item\":\"https:\/\/lbl.bahibaha.cloud\/\"},{\"@type\":\"ListItem\",\"position\":2,\"name\":\"S\u1ea3n ph\u1ea9m khuy\u1ebfn m\u00e3i\"}]},{\"@type\":\"WebSite\",\"@id\":\"https:\/\/lbl.bahibaha.cloud\/#website\",\"url\":\"https:\/\/lbl.bahibaha.cloud\/\",\"name\":\"Little Bird Library.\",\"description\":\"\",\"potentialAction\":[{\"@type\":\"SearchAction\",\"target\":{\"@type\":\"EntryPoint\",\"urlTemplate\":\"https:\/\/lbl.bahibaha.cloud\/?s={search_term_string}\"},\"query-input\":{\"@type\":\"PropertyValueSpecification\",\"valueRequired\":true,\"valueName\":\"search_term_string\"}}],\"inLanguage\":\"vi\"}]}<\/script>\n<!-- \/ Yoast SEO plugin. -->","yoast_head_json":{"title":"S\u1ea3n ph\u1ea9m khuy\u1ebfn m\u00e3i - Little Bird Library.","robots":{"index":"noindex","follow":"follow","max-snippet":"max-snippet:-1","max-image-preview":"max-image-preview:large","max-video-preview":"max-video-preview:-1"},"og_locale":"vi_VN","og_type":"article","og_title":"S\u1ea3n ph\u1ea9m khuy\u1ebfn m\u00e3i - Little Bird Library.","og_url":"https:\/\/lbl.bahibaha.cloud\/?page_id=507","og_site_name":"Little Bird Library.","article_modified_time":"2026-02-05T13:46:58+00:00","twitter_card":"summary_large_image","twitter_misc":{"\u01af\u1edbc t\u00ednh th\u1eddi gian \u0111\u1ecdc":"2 ph\u00fat"},"schema":{"@context":"https:\/\/schema.org","@graph":[{"@type":"WebPage","@id":"https:\/\/lbl.bahibaha.cloud\/?page_id=507","url":"https:\/\/lbl.bahibaha.cloud\/?page_id=507","name":"S\u1ea3n ph\u1ea9m khuy\u1ebfn m\u00e3i - Little Bird Library.","isPartOf":{"@id":"https:\/\/lbl.bahibaha.cloud\/#website"},"datePublished":"2026-02-04T04:19:36+00:00","dateModified":"2026-02-05T13:46:58+00:00","breadcrumb":{"@id":"https:\/\/lbl.bahibaha.cloud\/?page_id=507#breadcrumb"},"inLanguage":"vi","potentialAction":[{"@type":"ReadAction","target":["https:\/\/lbl.bahibaha.cloud\/?page_id=507"]}]},{"@type":"BreadcrumbList","@id":"https:\/\/lbl.bahibaha.cloud\/?page_id=507#breadcrumb","itemListElement":[{"@type":"ListItem","position":1,"name":"Home","item":"https:\/\/lbl.bahibaha.cloud\/"},{"@type":"ListItem","position":2,"name":"S\u1ea3n ph\u1ea9m khuy\u1ebfn m\u00e3i"}]},{"@type":"WebSite","@id":"https:\/\/lbl.bahibaha.cloud\/#website","url":"https:\/\/lbl.bahibaha.cloud\/","name":"Little Bird Library.","description":"","potentialAction":[{"@type":"SearchAction","target":{"@type":"EntryPoint","urlTemplate":"https:\/\/lbl.bahibaha.cloud\/?s={search_term_string}"},"query-input":{"@type":"PropertyValueSpecification","valueRequired":true,"valueName":"search_term_string"}}],"inLanguage":"vi"}]}},"_links":{"self":[{"href":"https:\/\/lbl.bahibaha.cloud\/index.php?rest_route=\/wp\/v2\/pages\/507","targetHints":{"allow":["GET"]}}],"collection":[{"href":"https:\/\/lbl.bahibaha.cloud\/index.php?rest_route=\/wp\/v2\/pages"}],"about":[{"href":"https:\/\/lbl.bahibaha.cloud\/index.php?rest_route=\/wp\/v2\/types\/page"}],"author":[{"embeddable":true,"href":"https:\/\/lbl.bahibaha.cloud\/index.php?rest_route=\/wp\/v2\/users\/1"}],"replies":[{"embeddable":true,"href":"https:\/\/lbl.bahibaha.cloud\/index.php?rest_route=%2Fwp%2Fv2%2Fcomments&post=507"}],"version-history":[{"count":4,"href":"https:\/\/lbl.bahibaha.cloud\/index.php?rest_route=\/wp\/v2\/pages\/507\/revisions"}],"predecessor-version":[{"id":513,"href":"https:\/\/lbl.bahibaha.cloud\/index.php?rest_route=\/wp\/v2\/pages\/507\/revisions\/513"}],"wp:attachment":[{"href":"https:\/\/lbl.bahibaha.cloud\/index.php?rest_route=%2Fwp%2Fv2%2Fmedia&parent=507"}],"curies":[{"name":"wp","href":"https:\/\/api.w.org\/{rel}","templated":true}]}}