{"id":35,"date":"2026-01-12T03:23:32","date_gmt":"2026-01-12T03:23:32","guid":{"rendered":"https:\/\/lbl.bahibaha.cloud\/?page_id=35"},"modified":"2026-01-19T02:50:49","modified_gmt":"2026-01-19T02:50:49","slug":"little-bird-library","status":"publish","type":"page","link":"https:\/\/lbl.bahibaha.cloud\/?page_id=35","title":{"rendered":"Little Bird Library"},"content":{"rendered":"\t\t<div data-elementor-type=\"wp-page\" data-elementor-id=\"35\" class=\"elementor elementor-35\">\n\t\t\t\t<div class=\"elementor-element elementor-element-e9929a6 e-flex e-con-boxed e-con e-parent\" data-id=\"e9929a6\" data-element_type=\"container\">\n\t\t\t\t\t<div class=\"e-con-inner\">\n\t\t\t\t<div class=\"elementor-element elementor-element-d61ccab elementor-widget elementor-widget-heading\" data-id=\"d61ccab\" data-element_type=\"widget\" data-widget_type=\"heading.default\">\n\t\t\t\t\t<div id=\"ez-toc-container\" class=\"ez-toc-v2_0_80 counter-hierarchy ez-toc-counter ez-toc-grey ez-toc-container-direction\">\n<div class=\"ez-toc-title-container\">\n<p class=\"ez-toc-title\" style=\"cursor:inherit\">Table of Contents<\/p>\n<span class=\"ez-toc-title-toggle\"><a href=\"#\" class=\"ez-toc-pull-right ez-toc-btn ez-toc-btn-xs ez-toc-btn-default ez-toc-toggle\" aria-label=\"Toggle Table of Content\"><span class=\"ez-toc-js-icon-con\"><span class=\"\"><span class=\"eztoc-hide\" style=\"display:none;\">Toggle<\/span><span class=\"ez-toc-icon-toggle-span\"><svg style=\"fill: #999;color:#999\" xmlns=\"http:\/\/www.w3.org\/2000\/svg\" class=\"list-377408\" width=\"20px\" height=\"20px\" viewBox=\"0 0 24 24\" fill=\"none\"><path d=\"M6 6H4v2h2V6zm14 0H8v2h12V6zM4 11h2v2H4v-2zm16 0H8v2h12v-2zM4 16h2v2H4v-2zm16 0H8v2h12v-2z\" fill=\"currentColor\"><\/path><\/svg><svg style=\"fill: #999;color:#999\" class=\"arrow-unsorted-368013\" xmlns=\"http:\/\/www.w3.org\/2000\/svg\" width=\"10px\" height=\"10px\" viewBox=\"0 0 24 24\" version=\"1.2\" baseProfile=\"tiny\"><path d=\"M18.2 9.3l-6.2-6.3-6.2 6.3c-.2.2-.3.4-.3.7s.1.5.3.7c.2.2.4.3.7.3h11c.3 0 .5-.1.7-.3.2-.2.3-.5.3-.7s-.1-.5-.3-.7zM5.8 14.7l6.2 6.3 6.2-6.3c.2-.2.3-.5.3-.7s-.1-.5-.3-.7c-.2-.2-.4-.3-.7-.3h-11c-.3 0-.5.1-.7.3-.2.2-.3.5-.3.7s.1.5.3.7z\"\/><\/svg><\/span><\/span><\/span><\/a><\/span><\/div>\n<nav><ul class='ez-toc-list ez-toc-list-level-1 ' ><li class='ez-toc-page-1 ez-toc-heading-level-2'><a class=\"ez-toc-link ez-toc-heading-1\" href=\"https:\/\/lbl.bahibaha.cloud\/?page_id=35\/#Sach_van_hoc\" >S\u00e1ch v\u0103n h\u1ecdc<\/a><\/li><li class='ez-toc-page-1 ez-toc-heading-level-2'><a class=\"ez-toc-link ez-toc-heading-2\" href=\"https:\/\/lbl.bahibaha.cloud\/?page_id=35\/#Mo_ta_san_pham\" >M\u00f4 t\u1ea3 s\u1ea3n ph\u1ea9m<\/a><\/li><li class='ez-toc-page-1 ez-toc-heading-level-2'><a class=\"ez-toc-link ez-toc-heading-3\" href=\"https:\/\/lbl.bahibaha.cloud\/?page_id=35\/#Mo_ta_san_pham-2\" >M\u00f4 t\u1ea3 s\u1ea3n ph\u1ea9m<\/a><\/li><li class='ez-toc-page-1 ez-toc-heading-level-2'><a class=\"ez-toc-link ez-toc-heading-4\" href=\"https:\/\/lbl.bahibaha.cloud\/?page_id=35\/#Mo_ta_san_pham-3\" >M\u00f4 t\u1ea3 s\u1ea3n ph\u1ea9m<\/a><\/li><\/ul><\/nav><\/div>\n<h2 class=\"elementor-heading-title elementor-size-default\"><span class=\"ez-toc-section\" id=\"Sach_van_hoc\"><\/span>S\u00e1ch v\u0103n h\u1ecdc<span class=\"ez-toc-section-end\"><\/span><\/h2>\t\t\t\t<\/div>\n\t\t\t\t\t<\/div>\n\t\t\t\t<\/div>\n\t\t<div class=\"elementor-element elementor-element-612df36 e-grid e-con-boxed e-con e-parent\" data-id=\"612df36\" data-element_type=\"container\">\n\t\t\t\t\t<div class=\"e-con-inner\">\n\t\t\t\t<div class=\"elementor-element elementor-element-b68485a elementor-widget elementor-widget-image\" data-id=\"b68485a\" data-element_type=\"widget\" data-widget_type=\"image.default\">\n\t\t\t\t\t\t\t\t\t\t\t\t\t\t\t<img decoding=\"async\" src=\"https:\/\/lbl.bahibaha.cloud\/wp-content\/uploads\/2026\/01\/image-2.png\" title=\"\" alt=\"\" loading=\"lazy\" \/>\t\t\t\t\t\t\t\t\t\t\t\t\t\t\t<\/div>\n\t\t\t\t<div class=\"elementor-element elementor-element-6408198 elementor-widget elementor-widget-image\" data-id=\"6408198\" data-element_type=\"widget\" data-widget_type=\"image.default\">\n\t\t\t\t\t\t\t\t\t\t\t\t\t\t\t<img decoding=\"async\" src=\"https:\/\/lbl.bahibaha.cloud\/wp-content\/uploads\/2026\/01\/image-4.png\" title=\"\" alt=\"\" loading=\"lazy\" \/>\t\t\t\t\t\t\t\t\t\t\t\t\t\t\t<\/div>\n\t\t\t\t<div class=\"elementor-element elementor-element-522a5b8 elementor-widget elementor-widget-image\" data-id=\"522a5b8\" data-element_type=\"widget\" data-widget_type=\"image.default\">\n\t\t\t\t\t\t\t\t\t\t\t\t\t\t\t<img decoding=\"async\" src=\"https:\/\/lbl.bahibaha.cloud\/wp-content\/uploads\/2026\/01\/image.png\" title=\"\" alt=\"\" loading=\"lazy\" \/>\t\t\t\t\t\t\t\t\t\t\t\t\t\t\t<\/div>\n\t\t\t\t<div class=\"elementor-element elementor-element-ece0fca elementor-widget elementor-widget-heading\" data-id=\"ece0fca\" data-element_type=\"widget\" data-widget_type=\"heading.default\">\n\t\t\t\t\t<h2 class=\"elementor-heading-title elementor-size-default\"><span class=\"ez-toc-section\" id=\"Mo_ta_san_pham\"><\/span><h2 class=\"block-content-product-detail-title\">M\u00f4 t\u1ea3 s\u1ea3n ph\u1ea9m<span class=\"ez-toc-section-end\"><\/span><\/h2>\n        <div id=\"product_tabs_description_contents\">\n            <div id=\"desc_content\" class=\"std\">\n                <p style=\"text-align: justify\">Khi m\u1ed9t l\u00e1 th\u01b0 \u0111\u01b0\u1ee3c g\u1edfi \n\u0111\u1ebfn cho c\u1eadu b\u00e9 Harry Potter b\u00ecnh th\u01b0\u1eddng v\u00e0 b\u1ea5t h\u1ea1nh, c\u1eadu kh\u00e1m ph\u00e1 ra m\u1ed9t\n b\u00ed m\u1eadt \u0111\u00e3 \u0111\u01b0\u1ee3c che gi\u1ea5u su\u1ed1t c\u1ea3 m\u1ed9t th\u1eadp k\u1ec9. Cha m\u1eb9 c\u1eadu ch\u00ednh l\u00e0 ph\u00f9 \nth\u1ee7y v\u00e0 c\u1ea3 hai \u0111\u00e3 b\u1ecb l\u1eddi nguy\u1ec1n c\u1ee7a Ch\u00faa t\u1ec3 H\u1eafc \u00e1m gi\u1ebft h\u1ea1i khi Harry \nm\u1edbi ch\u1ec9 l\u00e0 m\u1ed9t \u0111\u1ee9a tr\u1ebb, v\u00e0 b\u1eb1ng c\u00e1ch n\u00e0o \u0111\u00f3, c\u1eadu \u0111\u00e3 gi\u1eef \u0111\u01b0\u1ee3c m\u1ea1ng s\u1ed1ng \nc\u1ee7a m\u00ecnh. Tho\u00e1t kh\u1ecfi nh\u1eefng ng\u01b0\u1eddi gi\u00e1m h\u1ed9 Muggle kh\u00f4ng th\u1ec3 ch\u1ecbu \u0111\u1ef1ng n\u1ed5i \n\u0111\u1ec3 nh\u1eadp h\u1ecdc v\u00e0o tr\u01b0\u1eddng Hogwarts, m\u1ed9t tr\u01b0\u1eddng \u0111\u00e0o t\u1ea1o ph\u00f9 th\u1ee7y v\u1edbi nh\u1eefng \nb\u00f3ng ma v\u00e0 ph\u00e9p thu\u1eadt, Harry t\u00ecnh c\u1edd d\u1ea5n th\u00e2n v\u00e0o m\u1ed9t cu\u1ed9c phi\u00eau l\u01b0u \u0111\u1ea7y\n gai g\u00f3c khi c\u1eadu ph\u00e1t hi\u1ec7n ra m\u1ed9t con ch\u00f3 ba \u0111\u1ea7u \u0111ang canh gi\u1eef m\u1ed9t c\u0103n \nph\u00f2ng tr\u00ean t\u1ea7ng ba. R\u1ed3i Harry nghe n\u00f3i \u0111\u1ebfn m\u1ed9t vi\u00ean \u0111\u00e1 b\u1ecb m\u1ea5t t\u00edch s\u1edf \nh\u1eefu nh\u1eefng s\u1ee9c m\u1ea1nh l\u1ea1 k\u00ec, r\u1ea5t qu\u00ed gi\u00e1, v\u00f4 c\u00f9ng nguy hi\u1ec3m, m\u00e0 c\u0169ng c\u00f3 th\u1ec3\n l\u00e0 mang c\u1ea3 hai \u0111\u1eb7c \u0111i\u1ec3m tr\u00ean.<\/p><\/div><\/div><\/h2>\t\t\t\t<\/div>\n\t\t\t\t<div class=\"elementor-element elementor-element-d42b5d5 elementor-widget elementor-widget-heading\" data-id=\"d42b5d5\" data-element_type=\"widget\" data-widget_type=\"heading.default\">\n\t\t\t\t\t<h2 class=\"elementor-heading-title elementor-size-default\"><span class=\"ez-toc-section\" id=\"Mo_ta_san_pham-2\"><\/span><h2 class=\"block-content-product-detail-title\">M\u00f4 t\u1ea3 s\u1ea3n ph\u1ea9m<span class=\"ez-toc-section-end\"><\/span><\/h2>\n        <div id=\"product_tabs_description_contents\" style=\"max-height: none;height: auto\">\n            <div id=\"desc_content\" class=\"std\">\n                <p style=\"text-align: justify\">Nam Cao (1915-1951) t\u00ean \nth\u1eadt l\u00e0 Tr\u1ea7n H\u1eefu Tri (theo gi\u1ea5y khai sinh 1917-1951), sinh t\u1ea1i l\u00e0ng \u0110\u1ea1i \nHo\u00e0ng, t\u1ed5ng Cao \u0110\u00e0, huy\u1ec7n Nam Sang, ph\u00fa L\u00fd Nh\u00e2n, t\u1ec9nh H\u00e0 Nam. \u00d4ng \u0111\u00e3 \ngh\u00e9p hai ch\u1eef c\u1ee7a t\u00ean t\u1ed5ng v\u00e0 huy\u1ec7n l\u00e0m b\u00fat danh Nam Cao.<br>\nL\u00e3o H\u1ea1c l\u00e0 m\u1ed9t truy\u1ec7n ng\u1eafn c\u1ee7a nh\u00e0 v\u0103n Nam Cao \u0111\u01b0\u1ee3c vi\u1ebft n\u0103m 1943. T\u00e1c \nph\u1ea9m \u0111\u01b0\u1ee3c \u0111\u00e1nh gi\u00e1 l\u00e0 m\u1ed9t trong nh\u1eefng truy\u1ec7n ng\u1eafn kh\u00e1 ti\u00eau bi\u1ec3u c\u1ee7a d\u00f2ng\n v\u0103n h\u1ecdc hi\u1ec7n th\u1ef1c, n\u1ed9i dung truy\u1ec7n \u0111\u00e3 ph\u1ea7n n\u00e0o ph\u1ea3n \u00e1nh \u0111\u01b0\u1ee3c hi\u1ec7n tr\u1ea1ng\n x\u00e3 h\u1ed9i Vi\u1ec7t Nam trong giai \u0111o\u1ea1n tr\u01b0\u1edbc C\u00e1ch m\u1ea1ng th\u00e1ng T\u00e1m.<\/p>\n\n<p style=\"text-align: justify\">L\u00e3o H\u1ea1c, m\u1ed9t ng\u01b0\u1eddi n\u00f4ng d\u00e2n ch\u1ea5t ph\u00e1c, \nhi\u1ec1n l\u00e0nh. L\u00e3o g\u00f3a v\u1ee3 v\u00e0 c\u00f3 m\u1ed9t ng\u01b0\u1eddi con trai nh\u01b0ng v\u00ec qu\u00e1 ngh\u00e8o n\u00ean \nkh\u00f4ng th\u1ec3 l\u1ea5y v\u1ee3 cho ng\u01b0\u1eddi con trai c\u1ee7a m\u00ecnh. Ng\u01b0\u1eddi con trai l\u00e3o v\u00ec th\u1ebf \n\u0111\u00e3 r\u1eddi b\u1ecf qu\u00ea h\u01b0\u01a1ng \u0111\u1ec3 \u0111\u1ebfn \u0111\u1ed3n \u0111i\u1ec1n cao su l\u00e0m \u0103n ki\u1ebfm ti\u1ec1n. L\u00e3o lu\u00f4n \ntr\u0103n tr\u1edf, suy ngh\u0129 v\u1ec1 t\u01b0\u01a1ng lai c\u1ee7a \u0111\u1ee9a con. L\u00e3o s\u1ed1ng b\u1eb1ng ngh\u1ec1 l\u00e0m \nv\u01b0\u1eddn, m\u1ea3nh v\u01b0\u1eddn m\u00e0 v\u1ee3 l\u00e3o \u0111\u00e3 m\u1ea5t bao c\u00f4ng s\u1ee9c \u0111\u1ec3 mua v\u1ec1 v\u00e0 \u0111\u1ec3 l\u1ea1i cho \ncon trai l\u00e3o. So v\u1edbi nh\u1eefng ng\u01b0\u1eddi kh\u00e1c l\u00fac \u0111\u00f3, gia c\u1ea3nh c\u1ee7a l\u00e3o kh\u00e1 \u0111\u1ea7y \n\u0111\u1ee7, tuy nhi\u00ean do \u1ed1m y\u1ebfu h\u01a1n hai th\u00e1ng v\u00e0 c\u0169ng v\u00ec tr\u1eadn b\u00e3o m\u00e0 l\u00e3o kh\u00f4ng \nc\u00f3 vi\u1ec7c g\u00ec \u0111\u1ec3 l\u00e0m. L\u00e3o \u0111\u00e3 r\u1ea5t d\u1eb1n v\u1eb7t b\u1ea3n th\u00e2n m\u00ecnh khi mang m\u1ed9t \"t\u1ed9i \nl\u1ed7i\" l\u00e0 \u0111\u00e3 n\u1ee1 t\u00e2m \"l\u1eeba m\u1ed9t con ch\u00f3\". L\u00e3o \u0111\u00e3 kh\u00f3c r\u1ea5t nhi\u1ec1u v\u1edbi \u00f4ng gi\u00e1o \n(ng\u01b0\u1eddi h\u00e0ng x\u00f3m th\u00e2n thi\u1ebft c\u1ee7a l\u00e3o).<\/p><\/div><\/div><\/h2>\t\t\t\t<\/div>\n\t\t\t\t<div class=\"elementor-element elementor-element-a6e989b elementor-widget elementor-widget-heading\" data-id=\"a6e989b\" data-element_type=\"widget\" data-widget_type=\"heading.default\">\n\t\t\t\t\t<h2 class=\"elementor-heading-title elementor-size-default\"><span class=\"ez-toc-section\" id=\"Mo_ta_san_pham-3\"><\/span><h2 class=\"block-content-product-detail-title\">M\u00f4 t\u1ea3 s\u1ea3n ph\u1ea9m<span class=\"ez-toc-section-end\"><\/span><\/h2>\n        <div id=\"product_tabs_description_contents\">\n            <div id=\"desc_content\" class=\"std\">\n                <p style=\"text-align: justify\"><strong>D\u1ebf M\u00e8n Phi\u00eau L\u01b0u K\u00fd - T\u00e1i B\u1ea3n 2020<\/strong><\/p>\n<p style=\"text-align: justify\">\u1ea4n b\u1ea3n minh h\u1ecda m\u00e0u \u0111\u1eb7c bi\u1ec7t c\u1ee7a D\u1ebf M\u00e8n \nphi\u00eau l\u01b0u k\u00fd, v\u1edbi ph\u1ea7n tranh ru\u1ed9t \u0111\u01b0\u1ee3c in hai m\u00e0u xanh - \u0111en \u1ea5n t\u01b0\u1ee3ng, \ng\u1ee3i kh\u00f4ng kh\u00ed \u0111\u1ed3ng tho\u1ea1i.<\/p>\n<p style=\"text-align: justify\">\u201cM\u1ed9t con d\u1ebf \u0111\u00e3 t\u1eeb tay \u00f4ng th\u1ea3 ra chu du \nth\u1ebf gi\u1edbi t\u00ecm nh\u1eefng \u0111i\u1ec1u t\u1ed1t \u0111\u1eb9p cho lo\u00e0i ng\u01b0\u1eddi. V\u00e0 con d\u1ebf \u1ea5y \u0111\u00e3 mang t\u00ean\n tu\u1ed5i \u00f4ng \u0111i c\u00f9ng tr\u00ean nh\u1eefng ch\u1eb7ng \u0111\u01b0\u1eddng phi\u00eau l\u01b0u \u0111\u1ebfn v\u1edbi c\u1ed9ng \u0111\u1ed3ng \nnh\u1eefng con v\u1eadt trong v\u0103n h\u1ecdc th\u1ebf gi\u1edbi, \u0111\u1ebfn v\u1edbi nh\u1eefng x\u1ee9 s\u1edf thi\u00ean nhi\u00ean v\u00e0\n v\u0103n h\u00f3a c\u1ee7a c\u00e1c qu\u1ed1c gia kh\u00e1c. D\u1ebf M\u00e8n T\u00f4 Ho\u00e0i \u0111\u00e3 l\u1ea1i sinh ra T\u00f4 Ho\u00e0i D\u1ebf\n M\u00e8n, m\u1ed9t nh\u00e0 v\u0103n tr\u1ebb m\u00e3i kh\u00f4ng gi\u00e0 trong v\u0103n ch\u01b0\u01a1ng...\u201d - Nh\u00e0 ph\u00ea b\u00ecnh \nPh\u1ea1m Xu\u00e2n Nguy\u00ean<\/p>\n<p style=\"text-align: justify\">\u201c\u00d4ng r\u1ea5t hi\u1ec3u t\u01b0 duy tr\u1ebb th\u01a1, k\u1ec3 v\u1edbi \nch\u00fang theo c\u00e1ch ngh\u0129 c\u1ee7a ch\u00fang, l\u00ed gi\u1ea3i s\u1ef1 v\u1eadt theo l\u00f4 g\u00edch c\u1ee7a tr\u1ebb. H\u01a1n\n th\u1ebf, v\u1edbi bi\u1ec7t t\u00e0i mi\u00eau t\u1ea3 lo\u00e0i v\u1eadt, T\u00f4 Ho\u00e0i d\u1ef1ng l\u00ean m\u1ed9t th\u1ebf gi\u1edbi g\u1ea7n \ng\u0169i v\u1edbi tr\u1ebb th\u01a1. Khi c\u1ea7n, \u00f4ng bi\u1ebft \u0111em v\u00e0o ch\u1ea5t du k\u00fd khi\u1ebfn cho \u0111\u1ed9c gi\u1ea3 \nnh\u1ecf tu\u1ed5i v\u1eeba h\u1ed3i h\u1ed9p theo d\u00f5i, v\u1eeba th\u00edch th\u00fa kh\u00e1m ph\u00e1.\u201d - TS Nguy\u1ec5n \u0110\u0103ng\n \u0110i\u1ec7p<\/p><\/div><\/div><\/h2>\t\t\t\t<\/div>\n\t\t\t\t\t<\/div>\n\t\t\t\t<\/div>\n\t\t<div class=\"elementor-element elementor-element-90bc0d3 e-flex e-con-boxed e-con e-parent\" data-id=\"90bc0d3\" data-element_type=\"container\">\n\t\t\t\t\t<div class=\"e-con-inner\">\n\t\t\t\t\t<\/div>\n\t\t\t\t<\/div>\n\t\t<div class=\"elementor-element elementor-element-79a4cad e-grid e-con-boxed e-con e-parent\" data-id=\"79a4cad\" data-element_type=\"container\">\n\t\t\t\t\t<div class=\"e-con-inner\">\n\t\t<div class=\"elementor-element elementor-element-feb9c9b e-grid e-con-full e-con e-child\" data-id=\"feb9c9b\" data-element_type=\"container\">\n\t\t\t\t<\/div>\n\t\t\t\t\t<\/div>\n\t\t\t\t<\/div>\n\t\t<div class=\"elementor-element elementor-element-6f00d3e e-flex e-con-boxed e-con e-parent\" data-id=\"6f00d3e\" data-element_type=\"container\">\n\t\t\t\t\t<div class=\"e-con-inner\">\n\t\t\t\t\t<\/div>\n\t\t\t\t<\/div>\n\t\t\t\t<\/div>\n\t\t","protected":false},"excerpt":{"rendered":"<p>S\u00e1ch v\u0103n h\u1ecdc M\u00f4 t\u1ea3 s\u1ea3n ph\u1ea9m Khi m\u1ed9t l\u00e1 th\u01b0 \u0111\u01b0\u1ee3c g\u1edfi \u0111\u1ebfn cho c\u1eadu b\u00e9 Harry Potter b\u00ecnh th\u01b0\u1eddng v\u00e0 b\u1ea5t h\u1ea1nh, c\u1eadu kh\u00e1m ph\u00e1 ra m\u1ed9t b\u00ed m\u1eadt \u0111\u00e3 \u0111\u01b0\u1ee3c che gi\u1ea5u su\u1ed1t c\u1ea3 m\u1ed9t th\u1eadp k\u1ec9. Cha m\u1eb9 c\u1eadu ch\u00ednh l\u00e0 ph\u00f9 th\u1ee7y v\u00e0 c\u1ea3 hai \u0111\u00e3 b\u1ecb l\u1eddi nguy\u1ec1n c\u1ee7a [&hellip;]<\/p>\n","protected":false},"author":1,"featured_media":0,"parent":0,"menu_order":0,"comment_status":"closed","ping_status":"closed","template":"","meta":{"footnotes":""},"class_list":["post-35","page","type-page","status-publish","hentry"],"yoast_head":"<!-- This site is optimized with the Yoast SEO plugin v26.8 - https:\/\/yoast.com\/product\/yoast-seo-wordpress\/ -->\n<title>Little Bird Library - Little Bird Library.<\/title>\n<meta name=\"robots\" content=\"noindex, follow, max-snippet:-1, max-image-preview:large, max-video-preview:-1\" \/>\n<meta property=\"og:locale\" content=\"vi_VN\" \/>\n<meta property=\"og:type\" content=\"article\" \/>\n<meta property=\"og:title\" content=\"Little Bird Library - Little Bird Library.\" \/>\n<meta property=\"og:description\" content=\"S\u00e1ch v\u0103n h\u1ecdc M\u00f4 t\u1ea3 s\u1ea3n ph\u1ea9m Khi m\u1ed9t l\u00e1 th\u01b0 \u0111\u01b0\u1ee3c g\u1edfi \u0111\u1ebfn cho c\u1eadu b\u00e9 Harry Potter b\u00ecnh th\u01b0\u1eddng v\u00e0 b\u1ea5t h\u1ea1nh, c\u1eadu kh\u00e1m ph\u00e1 ra m\u1ed9t b\u00ed m\u1eadt \u0111\u00e3 \u0111\u01b0\u1ee3c che gi\u1ea5u su\u1ed1t c\u1ea3 m\u1ed9t th\u1eadp k\u1ec9. Cha m\u1eb9 c\u1eadu ch\u00ednh l\u00e0 ph\u00f9 th\u1ee7y v\u00e0 c\u1ea3 hai \u0111\u00e3 b\u1ecb l\u1eddi nguy\u1ec1n c\u1ee7a [&hellip;]\" \/>\n<meta property=\"og:url\" content=\"https:\/\/lbl.bahibaha.cloud\/?page_id=35\" \/>\n<meta property=\"og:site_name\" content=\"Little Bird Library.\" \/>\n<meta property=\"article:modified_time\" content=\"2026-01-19T02:50:49+00:00\" \/>\n<meta name=\"twitter:card\" content=\"summary_large_image\" \/>\n<meta name=\"twitter:label1\" content=\"\u01af\u1edbc t\u00ednh th\u1eddi gian \u0111\u1ecdc\" \/>\n\t<meta name=\"twitter:data1\" content=\"5 ph\u00fat\" \/>\n<script type=\"application\/ld+json\" class=\"yoast-schema-graph\">{\"@context\":\"https:\/\/schema.org\",\"@graph\":[{\"@type\":\"WebPage\",\"@id\":\"https:\/\/lbl.bahibaha.cloud\/?page_id=35\",\"url\":\"https:\/\/lbl.bahibaha.cloud\/?page_id=35\",\"name\":\"Little Bird Library - Little Bird Library.\",\"isPartOf\":{\"@id\":\"https:\/\/lbl.bahibaha.cloud\/#website\"},\"primaryImageOfPage\":{\"@id\":\"https:\/\/lbl.bahibaha.cloud\/?page_id=35#primaryimage\"},\"image\":{\"@id\":\"https:\/\/lbl.bahibaha.cloud\/?page_id=35#primaryimage\"},\"thumbnailUrl\":\"https:\/\/lbl.bahibaha.cloud\/wp-content\/uploads\/2026\/01\/image-2.png\",\"datePublished\":\"2026-01-12T03:23:32+00:00\",\"dateModified\":\"2026-01-19T02:50:49+00:00\",\"breadcrumb\":{\"@id\":\"https:\/\/lbl.bahibaha.cloud\/?page_id=35#breadcrumb\"},\"inLanguage\":\"vi\",\"potentialAction\":[{\"@type\":\"ReadAction\",\"target\":[\"https:\/\/lbl.bahibaha.cloud\/?page_id=35\"]}]},{\"@type\":\"ImageObject\",\"inLanguage\":\"vi\",\"@id\":\"https:\/\/lbl.bahibaha.cloud\/?page_id=35#primaryimage\",\"url\":\"\",\"contentUrl\":\"\"},{\"@type\":\"BreadcrumbList\",\"@id\":\"https:\/\/lbl.bahibaha.cloud\/?page_id=35#breadcrumb\",\"itemListElement\":[{\"@type\":\"ListItem\",\"position\":1,\"name\":\"Home\",\"item\":\"https:\/\/lbl.bahibaha.cloud\/\"},{\"@type\":\"ListItem\",\"position\":2,\"name\":\"Little Bird Library\"}]},{\"@type\":\"WebSite\",\"@id\":\"https:\/\/lbl.bahibaha.cloud\/#website\",\"url\":\"https:\/\/lbl.bahibaha.cloud\/\",\"name\":\"Little Bird Library.\",\"description\":\"\",\"potentialAction\":[{\"@type\":\"SearchAction\",\"target\":{\"@type\":\"EntryPoint\",\"urlTemplate\":\"https:\/\/lbl.bahibaha.cloud\/?s={search_term_string}\"},\"query-input\":{\"@type\":\"PropertyValueSpecification\",\"valueRequired\":true,\"valueName\":\"search_term_string\"}}],\"inLanguage\":\"vi\"}]}<\/script>\n<!-- \/ Yoast SEO plugin. -->","yoast_head_json":{"title":"Little Bird Library - Little Bird Library.","robots":{"index":"noindex","follow":"follow","max-snippet":"max-snippet:-1","max-image-preview":"max-image-preview:large","max-video-preview":"max-video-preview:-1"},"og_locale":"vi_VN","og_type":"article","og_title":"Little Bird Library - Little Bird Library.","og_description":"S\u00e1ch v\u0103n h\u1ecdc M\u00f4 t\u1ea3 s\u1ea3n ph\u1ea9m Khi m\u1ed9t l\u00e1 th\u01b0 \u0111\u01b0\u1ee3c g\u1edfi \u0111\u1ebfn cho c\u1eadu b\u00e9 Harry Potter b\u00ecnh th\u01b0\u1eddng v\u00e0 b\u1ea5t h\u1ea1nh, c\u1eadu kh\u00e1m ph\u00e1 ra m\u1ed9t b\u00ed m\u1eadt \u0111\u00e3 \u0111\u01b0\u1ee3c che gi\u1ea5u su\u1ed1t c\u1ea3 m\u1ed9t th\u1eadp k\u1ec9. Cha m\u1eb9 c\u1eadu ch\u00ednh l\u00e0 ph\u00f9 th\u1ee7y v\u00e0 c\u1ea3 hai \u0111\u00e3 b\u1ecb l\u1eddi nguy\u1ec1n c\u1ee7a [&hellip;]","og_url":"https:\/\/lbl.bahibaha.cloud\/?page_id=35","og_site_name":"Little Bird Library.","article_modified_time":"2026-01-19T02:50:49+00:00","twitter_card":"summary_large_image","twitter_misc":{"\u01af\u1edbc t\u00ednh th\u1eddi gian \u0111\u1ecdc":"5 ph\u00fat"},"schema":{"@context":"https:\/\/schema.org","@graph":[{"@type":"WebPage","@id":"https:\/\/lbl.bahibaha.cloud\/?page_id=35","url":"https:\/\/lbl.bahibaha.cloud\/?page_id=35","name":"Little Bird Library - Little Bird Library.","isPartOf":{"@id":"https:\/\/lbl.bahibaha.cloud\/#website"},"primaryImageOfPage":{"@id":"https:\/\/lbl.bahibaha.cloud\/?page_id=35#primaryimage"},"image":{"@id":"https:\/\/lbl.bahibaha.cloud\/?page_id=35#primaryimage"},"thumbnailUrl":"https:\/\/lbl.bahibaha.cloud\/wp-content\/uploads\/2026\/01\/image-2.png","datePublished":"2026-01-12T03:23:32+00:00","dateModified":"2026-01-19T02:50:49+00:00","breadcrumb":{"@id":"https:\/\/lbl.bahibaha.cloud\/?page_id=35#breadcrumb"},"inLanguage":"vi","potentialAction":[{"@type":"ReadAction","target":["https:\/\/lbl.bahibaha.cloud\/?page_id=35"]}]},{"@type":"ImageObject","inLanguage":"vi","@id":"https:\/\/lbl.bahibaha.cloud\/?page_id=35#primaryimage","url":"","contentUrl":""},{"@type":"BreadcrumbList","@id":"https:\/\/lbl.bahibaha.cloud\/?page_id=35#breadcrumb","itemListElement":[{"@type":"ListItem","position":1,"name":"Home","item":"https:\/\/lbl.bahibaha.cloud\/"},{"@type":"ListItem","position":2,"name":"Little Bird Library"}]},{"@type":"WebSite","@id":"https:\/\/lbl.bahibaha.cloud\/#website","url":"https:\/\/lbl.bahibaha.cloud\/","name":"Little Bird Library.","description":"","potentialAction":[{"@type":"SearchAction","target":{"@type":"EntryPoint","urlTemplate":"https:\/\/lbl.bahibaha.cloud\/?s={search_term_string}"},"query-input":{"@type":"PropertyValueSpecification","valueRequired":true,"valueName":"search_term_string"}}],"inLanguage":"vi"}]}},"_links":{"self":[{"href":"https:\/\/lbl.bahibaha.cloud\/index.php?rest_route=\/wp\/v2\/pages\/35","targetHints":{"allow":["GET"]}}],"collection":[{"href":"https:\/\/lbl.bahibaha.cloud\/index.php?rest_route=\/wp\/v2\/pages"}],"about":[{"href":"https:\/\/lbl.bahibaha.cloud\/index.php?rest_route=\/wp\/v2\/types\/page"}],"author":[{"embeddable":true,"href":"https:\/\/lbl.bahibaha.cloud\/index.php?rest_route=\/wp\/v2\/users\/1"}],"replies":[{"embeddable":true,"href":"https:\/\/lbl.bahibaha.cloud\/index.php?rest_route=%2Fwp%2Fv2%2Fcomments&post=35"}],"version-history":[{"count":19,"href":"https:\/\/lbl.bahibaha.cloud\/index.php?rest_route=\/wp\/v2\/pages\/35\/revisions"}],"predecessor-version":[{"id":68,"href":"https:\/\/lbl.bahibaha.cloud\/index.php?rest_route=\/wp\/v2\/pages\/35\/revisions\/68"}],"wp:attachment":[{"href":"https:\/\/lbl.bahibaha.cloud\/index.php?rest_route=%2Fwp%2Fv2%2Fmedia&parent=35"}],"curies":[{"name":"wp","href":"https:\/\/api.w.org\/{rel}","templated":true}]}}